e 2*g = -25*u + 26*u + 3535, 0 = 2*g + u - 3525. What is the hundreds digit of g?
7
Let m(s) = 245*s**3 - 2*s**2 + s. Suppose h - 4 = -3*h. Let r be m(h). Suppose y = r - 89. What is the tens digit of y?
5
Let f be -3 - (6 - 8) - 2. What is the units digit of 6 - (-9)/f - (0 - 392)?
5
Let p(y) = 3*y**2 - 2*y - 15. Let i be p(3). Suppose c - 10 = -3*a, 5*c = -2*a - 0*a - 2. What is the units digit of i/a*(-224)/(-12)?
8
Let c(x) = x**2 - 16*x - 6. Suppose 5*s + 7 = -w, 3*s = -3*w - 28 - 17. What is the tens digit of c(w)?
5
Let v = -860 + 2950. Suppose 0 = 22*q - 12*q - v. What is the tens digit of q?
0
Let t(l) = 16*l**2 + 20*l - 23. Let n be t(-9). Let s = -706 + n. What is the units digit of s?
7
Let r(g) = -g**3 - 10*g**2 + 7*g. Let l be (-2 + 5 - -1) + -1. Suppose 2*z = 3*b - 22, l*z + 7 + 26 = b. What is the units digit of r(z)?
4
Let m = -81 + 132. Let r = m - 49. Suppose r*z - 3*l - 127 = -0*l, 0 = -l - 5. What is the tens digit of z?
5
Let m be -3 + (-496)/(-12)*-3. Let x = 130 + m. What is the units digit of x?
3
Let d(f) = -2*f**2 + 38*f - 115. Let p be d(14). Suppose -p*u - 4026 = -36*u. What is the hundreds digit of u?
3
Suppose 19015 = 4*d + 5*i, -d + 149*i = 147*i - 4770. What is the tens digit of d?
6
Let q be 56/40 - 3/(-5). Suppose 0 = q*o + 1 - 5. What is the units digit of -104*((-75)/20 + o)?
2
Let c be (-3)/(24/(-52))*10. Suppose 2*k = -3*k + 3*l - c, -3*l - 31 = k. What is the units digit of (-6)/(-8) - 134/k*6?
1
Let f = -8 + 9. Suppose r - 3*q = 4 - f, 0 = 3*r + 4*q - 74. Suppose -20*o + 412 = -r*o. What is the tens digit of o?
0
What is the tens digit of 4/34 + 524181/119?
0
Let c be 8*-5*(-7)/140. What is the hundreds digit of (c + -9)*(-3764)/28?
9
Let p = -48804 + 85265. What is the thousands digit of p?
6
Suppose -4 = -6*r + 8. Let c be 35/(1/(-28) - r/(-7)). Suppose f - 5*h = 36, -7*f = -2*f - 5*h - c. What is the tens digit of f?
2
Suppose 9100 = -10*p + 11*p - 0*p. What is the tens digit of p?
0
Suppose -f + 8*f = 0. What is the tens digit of f + 112 - (-2 + (7 - 4))?
1
Let j be ((-55)/77*6)/((-4)/14). What is the tens digit of 2 - 296/((j/10)/(-3))?
9
Let i(r) = 14*r**2 + 67*r + 795. What is the thousands digit of i(-22)?
6
What is the tens digit of (-9)/(-30) - (10024623/90)/(-41)?
1
Let s = 22204 + -5988. What is the ten thousands digit of s?
1
Let h = 1069 - -4907. What is the tens digit of (2*1/(-4))/((-2)/h)?
9
Suppose 0 = -61*t + 17*t + 1602162 + 955294. What is the hundreds digit of t?
1
Let w = -294 + 305. What is the tens digit of (2/(-6))/(w/34254*-3)?
4
Suppose 13*z + 32 = 9*z. Let a(k) = -k - 1. Let s be a(z). Suppose -2*f - 2*j = -296, -5*f - 4*j = -s*f + 278. What is the tens digit of f?
4
Let q(s) = s + 0*s**2 - 1 + 2*s**2 + 0. Let w be q(1). Suppose -w*p + 340 = 2*p. What is the tens digit of p?
8
Let x = 97 + -97. Suppose -3*m - m + 560 = x. What is the tens digit of m?
4
Let n(u) = 13*u**2 + 46*u**3 - 24*u**3 - 23*u**3 - 17 - 8*u. Let h be n(8). Let c = 55 + h. What is the tens digit of c?
9
Let m(r) = -2*r**2 - 21*r - 25. Let p be m(-9). What is the tens digit of (-103938)/(-238) - 3/((-21)/p)?
3
Suppose 0 = 3*h + p + 2251, -p + 297 = -h - 448. Let q = h - -837. What is the tens digit of q?
8
Let x = -35 + 56. Suppose i + x = 8*i. Suppose 5*p = h - 70, 2*h + i*p + 62 = 3*h. What is the units digit of h?
0
Suppose 0 = -d + 80 - 27. Suppose 2*h - 59 = -d. Suppose 2*o - 2*r = h*r + 209, -4*r = -4. What is the units digit of o?
7
Suppose -24*j + 35*j = -123*j + 938000. What is the units digit of j?
0
Suppose -25331 - 73325 = -16*z. What is the units digit of z?
6
Suppose 3*u + 101 = -49. Let t = -1581 + 1708. Let c = t + u. What is the tens digit of c?
7
Suppose 0*y = 2*y - 4, 2*i - 3*y - 2 = 0. Let b(z) = -z**2 + 3*z + 4. Let d be b(i). Suppose 103 = v - 0*v + 3*a, -4*a = d. What is the hundreds digit of v?
1
What is the tens digit of (-4 + (-9 - -12))*-7297?
9
What is the hundreds digit of (74/26 - (-6)/39) + 941?
9
Let z be 2*-2*2/8*-14. Let s be (-1)/z*-46 - 4/14. What is the units digit of 3982/20 + s/(-30)?
9
Suppose 0 = -5*p - 5*o + 1060, 20*p + 3*o - 421 = 18*p. Suppose -6*c = -c - 275. Suppose -c - p = -u. What is the tens digit of u?
7
Let o be -1*(0 - 4/8)*10. Suppose 5*i - o*k = 3*i + 64, -3*i + 96 = 3*k. Let h = -28 + i. What is the units digit of h?
4
Let b(t) = -104*t + 107. Let a be b(-5). Let j = a - 9. What is the units digit of j?
8
What is the units digit of (-1444*2 - -1)*(-2 - (11 + -4))?
3
Let u(s) = -2*s**3 - 12*s**2 - s + 102. Let y be u(-7). Let b = -95 + 206. Let a = y - b. What is the units digit of a?
6
Let z = 2174 - -1618. What is the hundreds digit of z?
7
Let t = -17613 - -25504. What is the tens digit of t?
9
What is the tens digit of 2/36 + 3089954/612?
4
Let n(h) = -h + 2. Let c(f) = 5*f + 11. Let l(k) = c(k) + 4*n(k). What is the units digit of l(24)?
3
Let z be (-4 - (-138)/30)*-15. Let d(h) = -56*h - 7. What is the tens digit of d(z)?
9
Let p = 1259 + -703. Suppose -12*y + 8 = -p. What is the tens digit of y?
4
Let w(k) = -11*k - 44. Suppose -52 + 32 = 5*v. Let j be w(v). Suppose j = -r - 8*r + 2565. What is the tens digit of r?
8
Let k = 1123 + -1124. Suppose -7 - 7 = -q. Let j = k + q. What is the tens digit of j?
1
Let m(y) = -y**3 + 2*y**2 + 52*y - 17. Let k be m(8). Suppose 12372 = k*n + 1827. What is the tens digit of n?
0
What is the tens digit of (-501571641)/(-9018) + 2/36?
1
What is the thousands digit of -4 - -9498 - (2236/(-780) + (-2)/15)?
9
Let l = -15633 + 35833. What is the ten thousands digit of l?
2
Let o(g) = -7*g + 9. Let l be o(-2). Suppose -21*z - 100 = -l*z. Suppose 80 + z = 5*u. What is the tens digit of u?
2
Suppose -44 = 130*g - 126*g. Let d be (-22)/(-121) - 2352/g. Let x = d + -71. What is the units digit of x?
3
Let k(a) = 150*a**2 + 346*a + 20. What is the hundreds digit of k(-18)?
3
Let k(c) be the third derivative of 131*c**5/60 - c**4/3 - 5*c**3/6 + 94*c**2. What is the hundreds digit of k(-1)?
1
Suppose -w - 19184 = -2*l, -l + 9565 = 4*w - 0*w. What is the units digit of l?
9
Let s be (-8)/32*-20 - 20101*-1. Suppose -9*d = 6939 - s. What is the thousands digit of d?
1
Suppose -222935 = -30*w + 100945. What is the tens digit of w?
9
Let w(k) = 47*k - 51. Suppose -2*m = -5*t + 10 + 19, -3*t - m = -13. What is the units digit of w(t)?
4
Suppose 7*a - 168 = -42. Let s(n) = n**2 - 19*n + 18. Let d be s(a). Suppose 4*i - 5 - 279 = -4*h, 5*h - 3*i - 331 = d. What is the units digit of h?
8
Suppose 189522 = 3*y - 5*f, 2*y - 3*f = f + 126344. What is the ten thousands digit of y?
6
Let i(x) = 3*x + 19. Suppose 267 + 125 = 8*p. Suppose -p*n + 52*n = 51. What is the tens digit of i(n)?
7
Let b = -4258 + 5418. What is the thousands digit of b?
1
What is the tens digit of 4/14*(3 + 15110)?
1
Let w be 32/16*(-3)/(-2). Suppose -w*q + 93 = l, 0 = 4*q - 6*q + 5*l + 45. Suppose q = 7*y - 348. What is the tens digit of y?
5
Suppose 139*j + 8036 = 180*j. What is the units digit of j?
6
Suppose -c + 18 = 5*f, 5*f - 3*f = 3*c - 3. Suppose -6*v - c*v + 36 = 0. Suppose v*m - 561 - 3 = 0. What is the tens digit of m?
4
Let r(x) = -204*x - 59. Let t be r(-5). Suppose 0 = 956*l - t*l + 7525. What is the units digit of l?
5
Suppose -c - 4*k = -898 - 12932, 0 = -10*c - 2*k + 138186. What is the hundreds digit of c?
8
Let g(p) be the third derivative of -25*p**4/12 + p**3/6 - 17*p**2. Let b be g(1). Let z = b + 140. What is the tens digit of z?
9
Let t(s) = -s**2 - 34*s + 77. Let a be t(-36). Let q(f) = f**2 - 2*f - 1. Let i be q(3). Suppose -428 = -a*u - 2*l, -3*l = -l + i. What is the units digit of u?
6
Let s be (-2 + 3)/(3/12). Suppose -5*o = 3*u + 27, -2*u + s*o - 2*o - 18 = 0. What is the tens digit of (294/u)/((-3)/9)?
9
Suppose 0 = -30*w + 26*w + 16. Suppose 2*n - 2*o = 356, -n + w*n + 4*o - 499 = 0. What is the hundreds digit of n?
1
Let z(f) = 74*f**2 - 47*f + 96. Let h be (-5)/(-2) + 26/(-52). What is the tens digit of z(h)?
9
What is the units digit of (-19 - -11)*21749/(-56)?
7
What is the tens digit of ((-136)/32 + 5)/(-5*15/(-297400))?
7
Let l(d) = 7*d**2 - 17*d - 20. Let y be l(28). Suppose -4*g - 8*g = -y. What is the tens digit of g?
1
Suppose -405*o = 5*y - 402*o - 34417, 5*y - 34389 = 4*o. What is the units digit of y?
1
Let z(b)